{"id":12,"date":"2023-11-21T08:35:25","date_gmt":"2023-11-21T07:35:25","guid":{"rendered":"https:\/\/markusw.datanom.fi\/stader\/?page_id=12"},"modified":"2023-11-21T09:00:47","modified_gmt":"2023-11-21T08:00:47","slug":"stockholm","status":"publish","type":"page","link":"https:\/\/markusw.datanom.fi\/stader\/stockholm\/","title":{"rendered":"Stockholm"},"content":{"rendered":"\n<p>Fakta om Stockholm<\/p>\n\n\n\n<p>Stockholm \u00e4r Sveriges huvudstad och st\u00f6rsta t\u00e4tort samt landets kulturella, mediala, ekonomiska och politiska centrum. Stockholm utg\u00f6r \u00e4ven Nordens befolkningsm\u00e4ssigt st\u00f6rsta t\u00e4tort. Stockholms kommun (Stockholms stad) har runt 850 000 inv\u00e5nare, t\u00e4torten Stockholm runt 1,4 miljoner och drygt 2 miljoner bor i l\u00e4net eller Storstockholm. Stockholm \u00e4r residensstad i Stockholms l\u00e4n och stiftsstad i Stockholms stift, och \u00e4r den av Sveriges st\u00e4der som bes\u00f6ks av flest internationella g\u00e4ster, med \u00f6ver 1 miljon utl\u00e4ndska bes\u00f6kare varje \u00e5r.<\/p>\n\n\n\n<p>Staden grundades senast under tidigt 1200-tal. Placeringen p\u00e5 \u00f6arna d\u00e4r M\u00e4laren har sitt utlopp i \u00d6stersj\u00f6n, p\u00e5 gr\u00e4nsen mellan landskapen Uppland och S\u00f6dermanland var strategisk b\u00e5de ur f\u00f6rsvars- och handelssynpunkt, vilket starkt bidrog till att Stockholm snabbt utvecklades till att f\u00e5 en ledande roll i Sveriges f\u00f6rsvar och bli landets st\u00f6rsta och viktigaste handelsplats. Stockholm n\u00e4mns i skrift f\u00f6rsta g\u00e5ngen \u00e5r 1252 i Skyddsbrevet f\u00f6r Fogd\u00f6 kloster och fick stadsprivilegier den 1 maj 1436 vilket anses vara den dag d\u00e5 Stockholm kom att fungera som Sveriges huvudstad. Rollen som Sveriges f\u00f6rvaltningscentrum och officiell huvudstad bef\u00e4stes genom 1634 \u00e5rs regeringsform, d\u00e5 kungahus, regering, riksdag och centralf\u00f6rvaltning samlades till staden.<\/p>\n","protected":false},"excerpt":{"rendered":"<p>Fakta om Stockholm Stockholm \u00e4r Sveriges huvudstad och st\u00f6rsta t\u00e4tort samt landets kulturella, mediala, ekonomiska och politiska centrum. Stockholm utg\u00f6r \u00e4ven Nordens befolkningsm\u00e4ssigt st\u00f6rsta t\u00e4tort. Stockholms kommun (Stockholms stad) har runt 850 000 inv\u00e5nare, t\u00e4torten Stockholm runt 1,4 miljoner och drygt 2 miljoner bor i l\u00e4net eller Storstockholm. Stockholm \u00e4r [&hellip;]<\/p>\n","protected":false},"author":1,"featured_media":30,"parent":0,"menu_order":0,"comment_status":"closed","ping_status":"closed","template":"","meta":{"footnotes":""},"class_list":["post-12","page","type-page","status-publish","has-post-thumbnail","hentry"],"yoast_head":"<!-- This site is optimized with the Yoast SEO plugin v21.5 - https:\/\/yoast.com\/wordpress\/plugins\/seo\/ -->\n<title>Stockholm - Nordens huvudst\u00e4der<\/title>\n<meta name=\"robots\" content=\"index, follow, max-snippet:-1, max-image-preview:large, max-video-preview:-1\" \/>\n<link rel=\"canonical\" href=\"http:\/\/markusw.datanom.fi\/stader\/stockholm\/\" \/>\n<meta property=\"og:locale\" content=\"sv_SE\" \/>\n<meta property=\"og:type\" content=\"article\" \/>\n<meta property=\"og:title\" content=\"Stockholm - Nordens huvudst\u00e4der\" \/>\n<meta property=\"og:description\" content=\"Fakta om Stockholm Stockholm \u00e4r Sveriges huvudstad och st\u00f6rsta t\u00e4tort samt landets kulturella, mediala, ekonomiska och politiska centrum. Stockholm utg\u00f6r \u00e4ven Nordens befolkningsm\u00e4ssigt st\u00f6rsta t\u00e4tort. Stockholms kommun (Stockholms stad) har runt 850 000 inv\u00e5nare, t\u00e4torten Stockholm runt 1,4 miljoner och drygt 2 miljoner bor i l\u00e4net eller Storstockholm. Stockholm \u00e4r [&hellip;]\" \/>\n<meta property=\"og:url\" content=\"http:\/\/markusw.datanom.fi\/stader\/stockholm\/\" \/>\n<meta property=\"og:site_name\" content=\"Nordens huvudst\u00e4der\" \/>\n<meta property=\"article:modified_time\" content=\"2023-11-21T08:00:47+00:00\" \/>\n<meta property=\"og:image\" content=\"http:\/\/markusw.datanom.fi\/stader\/wp-content\/uploads\/2023\/11\/stockholm.jpg\" \/>\n\t<meta property=\"og:image:width\" content=\"1280\" \/>\n\t<meta property=\"og:image:height\" content=\"853\" \/>\n\t<meta property=\"og:image:type\" content=\"image\/jpeg\" \/>\n<meta name=\"twitter:card\" content=\"summary_large_image\" \/>\n<meta name=\"twitter:label1\" content=\"Ber\u00e4knad l\u00e4stid\" \/>\n\t<meta name=\"twitter:data1\" content=\"1 minut\" \/>\n<script type=\"application\/ld+json\" class=\"yoast-schema-graph\">{\"@context\":\"https:\/\/schema.org\",\"@graph\":[{\"@type\":\"WebPage\",\"@id\":\"http:\/\/markusw.datanom.fi\/stader\/stockholm\/\",\"url\":\"http:\/\/markusw.datanom.fi\/stader\/stockholm\/\",\"name\":\"Stockholm - Nordens huvudst\u00e4der\",\"isPartOf\":{\"@id\":\"http:\/\/markusw.datanom.fi\/stader\/#website\"},\"datePublished\":\"2023-11-21T07:35:25+00:00\",\"dateModified\":\"2023-11-21T08:00:47+00:00\",\"breadcrumb\":{\"@id\":\"http:\/\/markusw.datanom.fi\/stader\/stockholm\/#breadcrumb\"},\"inLanguage\":\"sv-SE\",\"potentialAction\":[{\"@type\":\"ReadAction\",\"target\":[\"http:\/\/markusw.datanom.fi\/stader\/stockholm\/\"]}]},{\"@type\":\"BreadcrumbList\",\"@id\":\"http:\/\/markusw.datanom.fi\/stader\/stockholm\/#breadcrumb\",\"itemListElement\":[{\"@type\":\"ListItem\",\"position\":1,\"name\":\"Hem\",\"item\":\"http:\/\/markusw.datanom.fi\/stader\/\"},{\"@type\":\"ListItem\",\"position\":2,\"name\":\"Stockholm\"}]},{\"@type\":\"WebSite\",\"@id\":\"http:\/\/markusw.datanom.fi\/stader\/#website\",\"url\":\"http:\/\/markusw.datanom.fi\/stader\/\",\"name\":\"Nordens huvudst\u00e4der\",\"description\":\"\",\"publisher\":{\"@id\":\"http:\/\/markusw.datanom.fi\/stader\/#organization\"},\"potentialAction\":[{\"@type\":\"SearchAction\",\"target\":{\"@type\":\"EntryPoint\",\"urlTemplate\":\"http:\/\/markusw.datanom.fi\/stader\/?s={search_term_string}\"},\"query-input\":\"required name=search_term_string\"}],\"inLanguage\":\"sv-SE\"},{\"@type\":\"Organization\",\"@id\":\"http:\/\/markusw.datanom.fi\/stader\/#organization\",\"name\":\"Nordens huvudst\u00e4der\",\"url\":\"http:\/\/markusw.datanom.fi\/stader\/\",\"logo\":{\"@type\":\"ImageObject\",\"inLanguage\":\"sv-SE\",\"@id\":\"http:\/\/markusw.datanom.fi\/stader\/#\/schema\/logo\/image\/\",\"url\":\"https:\/\/markusw.datanom.fi\/stader\/wp-content\/uploads\/2023\/11\/helsingfors_vapen.png\",\"contentUrl\":\"https:\/\/markusw.datanom.fi\/stader\/wp-content\/uploads\/2023\/11\/helsingfors_vapen.png\",\"width\":90,\"height\":104,\"caption\":\"Nordens huvudst\u00e4der\"},\"image\":{\"@id\":\"http:\/\/markusw.datanom.fi\/stader\/#\/schema\/logo\/image\/\"}}]}<\/script>\n<!-- \/ Yoast SEO plugin. -->","yoast_head_json":{"title":"Stockholm - Nordens huvudst\u00e4der","robots":{"index":"index","follow":"follow","max-snippet":"max-snippet:-1","max-image-preview":"max-image-preview:large","max-video-preview":"max-video-preview:-1"},"canonical":"http:\/\/markusw.datanom.fi\/stader\/stockholm\/","og_locale":"sv_SE","og_type":"article","og_title":"Stockholm - Nordens huvudst\u00e4der","og_description":"Fakta om Stockholm Stockholm \u00e4r Sveriges huvudstad och st\u00f6rsta t\u00e4tort samt landets kulturella, mediala, ekonomiska och politiska centrum. Stockholm utg\u00f6r \u00e4ven Nordens befolkningsm\u00e4ssigt st\u00f6rsta t\u00e4tort. Stockholms kommun (Stockholms stad) har runt 850 000 inv\u00e5nare, t\u00e4torten Stockholm runt 1,4 miljoner och drygt 2 miljoner bor i l\u00e4net eller Storstockholm. Stockholm \u00e4r [&hellip;]","og_url":"http:\/\/markusw.datanom.fi\/stader\/stockholm\/","og_site_name":"Nordens huvudst\u00e4der","article_modified_time":"2023-11-21T08:00:47+00:00","og_image":[{"width":1280,"height":853,"url":"http:\/\/markusw.datanom.fi\/stader\/wp-content\/uploads\/2023\/11\/stockholm.jpg","type":"image\/jpeg"}],"twitter_card":"summary_large_image","twitter_misc":{"Ber\u00e4knad l\u00e4stid":"1 minut"},"schema":{"@context":"https:\/\/schema.org","@graph":[{"@type":"WebPage","@id":"http:\/\/markusw.datanom.fi\/stader\/stockholm\/","url":"http:\/\/markusw.datanom.fi\/stader\/stockholm\/","name":"Stockholm - Nordens huvudst\u00e4der","isPartOf":{"@id":"http:\/\/markusw.datanom.fi\/stader\/#website"},"datePublished":"2023-11-21T07:35:25+00:00","dateModified":"2023-11-21T08:00:47+00:00","breadcrumb":{"@id":"http:\/\/markusw.datanom.fi\/stader\/stockholm\/#breadcrumb"},"inLanguage":"sv-SE","potentialAction":[{"@type":"ReadAction","target":["http:\/\/markusw.datanom.fi\/stader\/stockholm\/"]}]},{"@type":"BreadcrumbList","@id":"http:\/\/markusw.datanom.fi\/stader\/stockholm\/#breadcrumb","itemListElement":[{"@type":"ListItem","position":1,"name":"Hem","item":"http:\/\/markusw.datanom.fi\/stader\/"},{"@type":"ListItem","position":2,"name":"Stockholm"}]},{"@type":"WebSite","@id":"http:\/\/markusw.datanom.fi\/stader\/#website","url":"http:\/\/markusw.datanom.fi\/stader\/","name":"Nordens huvudst\u00e4der","description":"","publisher":{"@id":"http:\/\/markusw.datanom.fi\/stader\/#organization"},"potentialAction":[{"@type":"SearchAction","target":{"@type":"EntryPoint","urlTemplate":"http:\/\/markusw.datanom.fi\/stader\/?s={search_term_string}"},"query-input":"required name=search_term_string"}],"inLanguage":"sv-SE"},{"@type":"Organization","@id":"http:\/\/markusw.datanom.fi\/stader\/#organization","name":"Nordens huvudst\u00e4der","url":"http:\/\/markusw.datanom.fi\/stader\/","logo":{"@type":"ImageObject","inLanguage":"sv-SE","@id":"http:\/\/markusw.datanom.fi\/stader\/#\/schema\/logo\/image\/","url":"https:\/\/markusw.datanom.fi\/stader\/wp-content\/uploads\/2023\/11\/helsingfors_vapen.png","contentUrl":"https:\/\/markusw.datanom.fi\/stader\/wp-content\/uploads\/2023\/11\/helsingfors_vapen.png","width":90,"height":104,"caption":"Nordens huvudst\u00e4der"},"image":{"@id":"http:\/\/markusw.datanom.fi\/stader\/#\/schema\/logo\/image\/"}}]}},"_links":{"self":[{"href":"https:\/\/markusw.datanom.fi\/stader\/wp-json\/wp\/v2\/pages\/12","targetHints":{"allow":["GET"]}}],"collection":[{"href":"https:\/\/markusw.datanom.fi\/stader\/wp-json\/wp\/v2\/pages"}],"about":[{"href":"https:\/\/markusw.datanom.fi\/stader\/wp-json\/wp\/v2\/types\/page"}],"author":[{"embeddable":true,"href":"https:\/\/markusw.datanom.fi\/stader\/wp-json\/wp\/v2\/users\/1"}],"replies":[{"embeddable":true,"href":"https:\/\/markusw.datanom.fi\/stader\/wp-json\/wp\/v2\/comments?post=12"}],"version-history":[{"count":1,"href":"https:\/\/markusw.datanom.fi\/stader\/wp-json\/wp\/v2\/pages\/12\/revisions"}],"predecessor-version":[{"id":13,"href":"https:\/\/markusw.datanom.fi\/stader\/wp-json\/wp\/v2\/pages\/12\/revisions\/13"}],"wp:featuredmedia":[{"embeddable":true,"href":"https:\/\/markusw.datanom.fi\/stader\/wp-json\/wp\/v2\/media\/30"}],"wp:attachment":[{"href":"https:\/\/markusw.datanom.fi\/stader\/wp-json\/wp\/v2\/media?parent=12"}],"curies":[{"name":"wp","href":"https:\/\/api.w.org\/{rel}","templated":true}]}}