{"id":15,"date":"2023-11-21T08:36:45","date_gmt":"2023-11-21T07:36:45","guid":{"rendered":"https:\/\/markusw.datanom.fi\/stader\/?page_id=15"},"modified":"2023-11-21T08:59:29","modified_gmt":"2023-11-21T07:59:29","slug":"kopenhamn","status":"publish","type":"page","link":"https:\/\/markusw.datanom.fi\/stader\/kopenhamn\/","title":{"rendered":"K\u00f6penhamn"},"content":{"rendered":"\n<p>Fakta om K\u00f6penhamn<\/p>\n\n\n\n<p>K\u00f6penhamn (danska K\u00f8benhavn) \u00e4r huvudstad i Danmark. Staden ligger p\u00e5 \u00f6arna Sj\u00e4lland och Amager, vid \u00d6resund. K\u00f6penhamns kommun har lite \u00f6ver en halv miljon inv\u00e5nare, medan Hovedstadsomr\u00e5det, som motsvarar K\u00f6penhamns t\u00e4tort, har cirka 1,2 miljoner inv\u00e5nare. Storstadsomr\u00e5det har cirka 1,9 miljoner inv\u00e5nare.<\/p>\n","protected":false},"excerpt":{"rendered":"<p>Fakta om K\u00f6penhamn K\u00f6penhamn (danska K\u00f8benhavn) \u00e4r huvudstad i Danmark. Staden ligger p\u00e5 \u00f6arna Sj\u00e4lland och Amager, vid \u00d6resund. K\u00f6penhamns kommun har lite \u00f6ver en halv miljon inv\u00e5nare, medan Hovedstadsomr\u00e5det, som motsvarar K\u00f6penhamns t\u00e4tort, har cirka 1,2 miljoner inv\u00e5nare. Storstadsomr\u00e5det har cirka 1,9 miljoner inv\u00e5nare.<\/p>\n","protected":false},"author":1,"featured_media":28,"parent":0,"menu_order":0,"comment_status":"closed","ping_status":"closed","template":"","meta":{"footnotes":""},"class_list":["post-15","page","type-page","status-publish","has-post-thumbnail","hentry"],"yoast_head":"<!-- This site is optimized with the Yoast SEO plugin v21.5 - https:\/\/yoast.com\/wordpress\/plugins\/seo\/ -->\n<title>K\u00f6penhamn - Nordens huvudst\u00e4der<\/title>\n<meta name=\"robots\" content=\"index, follow, max-snippet:-1, max-image-preview:large, max-video-preview:-1\" \/>\n<link rel=\"canonical\" href=\"http:\/\/markusw.datanom.fi\/stader\/kopenhamn\/\" \/>\n<meta property=\"og:locale\" content=\"sv_SE\" \/>\n<meta property=\"og:type\" content=\"article\" \/>\n<meta property=\"og:title\" content=\"K\u00f6penhamn - Nordens huvudst\u00e4der\" \/>\n<meta property=\"og:description\" content=\"Fakta om K\u00f6penhamn K\u00f6penhamn (danska K\u00f8benhavn) \u00e4r huvudstad i Danmark. Staden ligger p\u00e5 \u00f6arna Sj\u00e4lland och Amager, vid \u00d6resund. K\u00f6penhamns kommun har lite \u00f6ver en halv miljon inv\u00e5nare, medan Hovedstadsomr\u00e5det, som motsvarar K\u00f6penhamns t\u00e4tort, har cirka 1,2 miljoner inv\u00e5nare. Storstadsomr\u00e5det har cirka 1,9 miljoner inv\u00e5nare.\" \/>\n<meta property=\"og:url\" content=\"http:\/\/markusw.datanom.fi\/stader\/kopenhamn\/\" \/>\n<meta property=\"og:site_name\" content=\"Nordens huvudst\u00e4der\" \/>\n<meta property=\"article:modified_time\" content=\"2023-11-21T07:59:29+00:00\" \/>\n<meta property=\"og:image\" content=\"http:\/\/markusw.datanom.fi\/stader\/wp-content\/uploads\/2023\/11\/kopenhamn.jpg\" \/>\n\t<meta property=\"og:image:width\" content=\"752\" \/>\n\t<meta property=\"og:image:height\" content=\"492\" \/>\n\t<meta property=\"og:image:type\" content=\"image\/jpeg\" \/>\n<meta name=\"twitter:card\" content=\"summary_large_image\" \/>\n<script type=\"application\/ld+json\" class=\"yoast-schema-graph\">{\"@context\":\"https:\/\/schema.org\",\"@graph\":[{\"@type\":\"WebPage\",\"@id\":\"http:\/\/markusw.datanom.fi\/stader\/kopenhamn\/\",\"url\":\"http:\/\/markusw.datanom.fi\/stader\/kopenhamn\/\",\"name\":\"K\u00f6penhamn - Nordens huvudst\u00e4der\",\"isPartOf\":{\"@id\":\"http:\/\/markusw.datanom.fi\/stader\/#website\"},\"datePublished\":\"2023-11-21T07:36:45+00:00\",\"dateModified\":\"2023-11-21T07:59:29+00:00\",\"breadcrumb\":{\"@id\":\"http:\/\/markusw.datanom.fi\/stader\/kopenhamn\/#breadcrumb\"},\"inLanguage\":\"sv-SE\",\"potentialAction\":[{\"@type\":\"ReadAction\",\"target\":[\"http:\/\/markusw.datanom.fi\/stader\/kopenhamn\/\"]}]},{\"@type\":\"BreadcrumbList\",\"@id\":\"http:\/\/markusw.datanom.fi\/stader\/kopenhamn\/#breadcrumb\",\"itemListElement\":[{\"@type\":\"ListItem\",\"position\":1,\"name\":\"Hem\",\"item\":\"http:\/\/markusw.datanom.fi\/stader\/\"},{\"@type\":\"ListItem\",\"position\":2,\"name\":\"K\u00f6penhamn\"}]},{\"@type\":\"WebSite\",\"@id\":\"http:\/\/markusw.datanom.fi\/stader\/#website\",\"url\":\"http:\/\/markusw.datanom.fi\/stader\/\",\"name\":\"Nordens huvudst\u00e4der\",\"description\":\"\",\"publisher\":{\"@id\":\"http:\/\/markusw.datanom.fi\/stader\/#organization\"},\"potentialAction\":[{\"@type\":\"SearchAction\",\"target\":{\"@type\":\"EntryPoint\",\"urlTemplate\":\"http:\/\/markusw.datanom.fi\/stader\/?s={search_term_string}\"},\"query-input\":\"required name=search_term_string\"}],\"inLanguage\":\"sv-SE\"},{\"@type\":\"Organization\",\"@id\":\"http:\/\/markusw.datanom.fi\/stader\/#organization\",\"name\":\"Nordens huvudst\u00e4der\",\"url\":\"http:\/\/markusw.datanom.fi\/stader\/\",\"logo\":{\"@type\":\"ImageObject\",\"inLanguage\":\"sv-SE\",\"@id\":\"http:\/\/markusw.datanom.fi\/stader\/#\/schema\/logo\/image\/\",\"url\":\"https:\/\/markusw.datanom.fi\/stader\/wp-content\/uploads\/2023\/11\/helsingfors_vapen.png\",\"contentUrl\":\"https:\/\/markusw.datanom.fi\/stader\/wp-content\/uploads\/2023\/11\/helsingfors_vapen.png\",\"width\":90,\"height\":104,\"caption\":\"Nordens huvudst\u00e4der\"},\"image\":{\"@id\":\"http:\/\/markusw.datanom.fi\/stader\/#\/schema\/logo\/image\/\"}}]}<\/script>\n<!-- \/ Yoast SEO plugin. -->","yoast_head_json":{"title":"K\u00f6penhamn - Nordens huvudst\u00e4der","robots":{"index":"index","follow":"follow","max-snippet":"max-snippet:-1","max-image-preview":"max-image-preview:large","max-video-preview":"max-video-preview:-1"},"canonical":"http:\/\/markusw.datanom.fi\/stader\/kopenhamn\/","og_locale":"sv_SE","og_type":"article","og_title":"K\u00f6penhamn - Nordens huvudst\u00e4der","og_description":"Fakta om K\u00f6penhamn K\u00f6penhamn (danska K\u00f8benhavn) \u00e4r huvudstad i Danmark. Staden ligger p\u00e5 \u00f6arna Sj\u00e4lland och Amager, vid \u00d6resund. K\u00f6penhamns kommun har lite \u00f6ver en halv miljon inv\u00e5nare, medan Hovedstadsomr\u00e5det, som motsvarar K\u00f6penhamns t\u00e4tort, har cirka 1,2 miljoner inv\u00e5nare. Storstadsomr\u00e5det har cirka 1,9 miljoner inv\u00e5nare.","og_url":"http:\/\/markusw.datanom.fi\/stader\/kopenhamn\/","og_site_name":"Nordens huvudst\u00e4der","article_modified_time":"2023-11-21T07:59:29+00:00","og_image":[{"width":752,"height":492,"url":"http:\/\/markusw.datanom.fi\/stader\/wp-content\/uploads\/2023\/11\/kopenhamn.jpg","type":"image\/jpeg"}],"twitter_card":"summary_large_image","schema":{"@context":"https:\/\/schema.org","@graph":[{"@type":"WebPage","@id":"http:\/\/markusw.datanom.fi\/stader\/kopenhamn\/","url":"http:\/\/markusw.datanom.fi\/stader\/kopenhamn\/","name":"K\u00f6penhamn - Nordens huvudst\u00e4der","isPartOf":{"@id":"http:\/\/markusw.datanom.fi\/stader\/#website"},"datePublished":"2023-11-21T07:36:45+00:00","dateModified":"2023-11-21T07:59:29+00:00","breadcrumb":{"@id":"http:\/\/markusw.datanom.fi\/stader\/kopenhamn\/#breadcrumb"},"inLanguage":"sv-SE","potentialAction":[{"@type":"ReadAction","target":["http:\/\/markusw.datanom.fi\/stader\/kopenhamn\/"]}]},{"@type":"BreadcrumbList","@id":"http:\/\/markusw.datanom.fi\/stader\/kopenhamn\/#breadcrumb","itemListElement":[{"@type":"ListItem","position":1,"name":"Hem","item":"http:\/\/markusw.datanom.fi\/stader\/"},{"@type":"ListItem","position":2,"name":"K\u00f6penhamn"}]},{"@type":"WebSite","@id":"http:\/\/markusw.datanom.fi\/stader\/#website","url":"http:\/\/markusw.datanom.fi\/stader\/","name":"Nordens huvudst\u00e4der","description":"","publisher":{"@id":"http:\/\/markusw.datanom.fi\/stader\/#organization"},"potentialAction":[{"@type":"SearchAction","target":{"@type":"EntryPoint","urlTemplate":"http:\/\/markusw.datanom.fi\/stader\/?s={search_term_string}"},"query-input":"required name=search_term_string"}],"inLanguage":"sv-SE"},{"@type":"Organization","@id":"http:\/\/markusw.datanom.fi\/stader\/#organization","name":"Nordens huvudst\u00e4der","url":"http:\/\/markusw.datanom.fi\/stader\/","logo":{"@type":"ImageObject","inLanguage":"sv-SE","@id":"http:\/\/markusw.datanom.fi\/stader\/#\/schema\/logo\/image\/","url":"https:\/\/markusw.datanom.fi\/stader\/wp-content\/uploads\/2023\/11\/helsingfors_vapen.png","contentUrl":"https:\/\/markusw.datanom.fi\/stader\/wp-content\/uploads\/2023\/11\/helsingfors_vapen.png","width":90,"height":104,"caption":"Nordens huvudst\u00e4der"},"image":{"@id":"http:\/\/markusw.datanom.fi\/stader\/#\/schema\/logo\/image\/"}}]}},"_links":{"self":[{"href":"https:\/\/markusw.datanom.fi\/stader\/wp-json\/wp\/v2\/pages\/15","targetHints":{"allow":["GET"]}}],"collection":[{"href":"https:\/\/markusw.datanom.fi\/stader\/wp-json\/wp\/v2\/pages"}],"about":[{"href":"https:\/\/markusw.datanom.fi\/stader\/wp-json\/wp\/v2\/types\/page"}],"author":[{"embeddable":true,"href":"https:\/\/markusw.datanom.fi\/stader\/wp-json\/wp\/v2\/users\/1"}],"replies":[{"embeddable":true,"href":"https:\/\/markusw.datanom.fi\/stader\/wp-json\/wp\/v2\/comments?post=15"}],"version-history":[{"count":1,"href":"https:\/\/markusw.datanom.fi\/stader\/wp-json\/wp\/v2\/pages\/15\/revisions"}],"predecessor-version":[{"id":16,"href":"https:\/\/markusw.datanom.fi\/stader\/wp-json\/wp\/v2\/pages\/15\/revisions\/16"}],"wp:featuredmedia":[{"embeddable":true,"href":"https:\/\/markusw.datanom.fi\/stader\/wp-json\/wp\/v2\/media\/28"}],"wp:attachment":[{"href":"https:\/\/markusw.datanom.fi\/stader\/wp-json\/wp\/v2\/media?parent=15"}],"curies":[{"name":"wp","href":"https:\/\/api.w.org\/{rel}","templated":true}]}}